
b79054
What is 121345324 (base 6) in base 4?
20311121110
Convert 620615 (base 8) to base 10.
205197
What is -1341322 (base 5) in base 12?
-14054
Convert 233212210 (base 4) to base 9.
326414
-212011112 (base 3) to base 8
-40771
13103301 (base 5) to base 10
128576
Convert -20c194 (base 16) to base 8.
-10140624
Convert -8aae (base 16) to base 2.
-1000101010101110
Convert -26160544 (base 8) to base 13.
-128c38a
What is -122220102222001 (base 3) in base 10?
-9515611
-75c3a5 (base 15) to base 6
-320124332
3519794 (base 12) to base 5
10110131040
33963 (base 14) to base 7
1031253
3409792 (base 10) to base 4
31000132000
What is -200410421 (base 5) in base 16?
-c1f76
Convert 1e3c3 (base 15) to base 12.
49179
Convert 200302103 (base 4) to base 5.
13244131
-37520124 (base 8) to base 16
-7ea054
Convert 7c189 (base 13) to base 2.
110111010100001101
-1df467 (base 16) to base 8
-7372147
What is 3123130223 (base 4) in base 14?
195803
-226d2 (base 15) to base 9
-176238
Convert -18936 (base 13) to base 3.
-2102102210
-13a3233 (base 11) to base 13
-662b15
1000010011110110100 (base 2) to base 4
1002132310
-12620631 (base 7) to base 8
-4343001
-110022021122202 (base 3) to base 7
-106410020
39e44 (base 16) to base 15
4a3d4
What is 25514231 (base 6) in base 12?
342977
Convert 63fa21 (base 16) to base 15.
896567
What is -111000110111010111 (base 2) in base 7?
-1660031
-24131534 (base 6) to base 5
-143233303
What is 1042731 (base 9) in base 16?
88a7a
-203013310 (base 5) to base 8
-3123425
What is -8840466 (base 10) in base 5?
-4230343331
Convert 87808 (base 9) to base 5.
3330442
-3670d (base 16) to base 6
-4440205
185748 (base 9) to base 11
79aa7
Convert 16117024 (base 8) to base 15.
4d4609
What is 33024514 (base 6) in base 12?
3b513a
-3863403 (base 9) to base 7
-23631336
What is 788429 (base 10) in base 15?
10891e
Convert 5236657 (base 9) to base 3.
12021020201221
What is 2132333113 (base 4) in base 10?
651223
-1110011010100010 (base 2) to base 6
-1133202
Convert -911508 (base 11) to base 12.
-5a84a4
Convert -281880a (base 11) to base 13.
-1011149
Convert -14324401 (base 5) to base 15.
-2eed6
Convert 3111002132 (base 4) to base 3.
1122022222202
Convert -1100001010110000 (base 2) to base 16.
-c2b0
-1001010001100011000 (base 2) to base 4
-1022030120
What is 794008 (base 10) in base 3?
1111100011201
Convert 44a1956 (base 11) to base 13.
182b540
Convert -2a44b (base 14) to base 8.
-315243
-1b191f (base 16) to base 9
-3306065
What is -10010110001000000000110 (base 2) in base 15?
-672887
What is 24112110 (base 5) in base 9?
368533
Convert 334431141 (base 5) to base 4.
11222020200
What is 3866e (base 15) in base 14?
49a09
Convert 13112440 (base 5) to base 15.
283d0
What is -c072 (base 16) in base 14?
-13d50
Convert -c9b94 (base 14) to base 3.
-220210101010
Convert -1022001010211 (base 3) to base 14.
-13d50d
Convert cd1d64 (base 15) to base 4.
211102331323
Convert 32450205 (base 8) to base 12.
24000b1
1103172 (base 8) to base 6
10205002
115562144 (base 7) to base 3
111200122111222
Convert 39d6a8 (base 14) to base 13.
54b7ba
What is 779a72 (base 12) in base 9?
3521775
-10222022021 (base 5) to base 11
-6073037
Convert 55500513 (base 6) to base 7.
20132502
What is -1289841 (base 10) in base 6?
-43351253
What is 602165 (base 7) in base 5?
11222444
Convert 40334110 (base 5) to base 14.
8626c
-1531113 (base 6) to base 3
-11120000200
1212002112 (base 3) to base 5
2132033
What is -4304024324 (base 5) in base 4?
-202201022022
-8093e (base 16) to base 2
-10000000100100111110
-2748b03 (base 12) to base 6
-435235203
-11542546 (base 8) to base 7
-30411610
Convert 14174517 (base 8) to base 15.
435ea1
Convert 33230022121 (base 4) to base 12.
14642a1
ee3ac1 (base 15) to base 16
ad39ec
What is -1010110000110001 (base 2) in base 9?
-66418
Convert -10140004 (base 5) to base 12.
-40576
32201010113 (base 4) to base 7
44226434
What is 16d5d (base 16) in base 13?
3375b
1b387a (base 12) to base 4
1312000132
What is -34941 (base 13) in base 2?
-10111011100101101
-d46507 (base 14) to base 16
-6d4bcb
Convert 519601 (base 12) to base 4.
10320310201
What is 121011212122 (base 3) in base 4?
1031300102
-450288 (base 10) to base 5
-103402123
Convert 799226 (base 11) to base 13.
3568c1
What is 5460466 (base 7) in base 16?
a39ab
Convert -2502974 (base 11) to base 7.
-51664441
225e70 (base 16) to base 14
428bba
-1cb08d (base 16) to base 3
-10112112011020
Convert -8b262 (base 13) to base 5.
-31044243
What is -26405727 (base 8) in base 15?
-7b87d1
-3a7206 (base 15) to base 3
-12021200110220
Convert a7b3b (base 13) to base 12.
127356
Convert 44532 (base 6) to base 15.
1cb8
Convert -232859 (base 10) to base 13.
-81cb3
What is -31100213 (base 4) in base 11?
-37894
-105410544 (base 6) to base 14
-389008
What is -b78d4 (base 15) in base 11?
-368705
Convert -4555e (base 15) to base 9.
-365528
What is 2bc100 (base 13) in base 12?
442aa2
Convert -42e4e (base 15) to base 10.
-212474
-46da (base 15) to base 4
-3223033
Convert -2bb48d (base 14) to base 16.
-1755e5
Convert 221000301 (base 5) to base 4.
3220231301
Convert 18b9bb (base 14) to base 16.
d62d1
Convert -11110011110110000111 (base 2) to base 10.
-998791
What is -209a6 (base 11) in base 9?
-45734
What is 2051512 (base 6) in base 2?
11000011101100100
Convert 60025605 (base 7) to base 5.
2231314244
Convert 1447025 (base 9) to base 2.
11000011000100011111
What is 1269118 (base 12) in base 16?
374b64
-34675 (base 8) to base 5
-433111
-4121342021 (base 5) to base 7
-131201202
What is 520d41 (base 14) in base 9?
5178664
What is -204132 (base 8) in base 11?
-46932
Convert 1211032233 (base 4) to base 11.
263585
Convert -2a6a2b4 (base 12) to base 7.
-133055623
What is 7dd06 (base 16) in base 11?
3221a6
38ed88 (base 15) to base 5
1144432203
What is 6686305 (base 10) in base 13?
15014c2
What is -188b526 (base 13) in base 6?
-444315405
What is 1234320 (base 5) in base 6?
304355
Convert 10011031002 (base 4) to base 16.
105342
What is 8da65 (base 15) in base 6?
13400552
-210122201120 (base 3) to base 14
-b14b6
24440 (base 7) to base 13
2bb2
What is -3ddf4 (base 16) in base 6?
-5233140
-20c16c (base 13) to base 4
-2323302321
56204 (base 8) to base 14
88ba
Convert 159697 (base 11) to base 4.
330110123
What is -2577672 (base 8) in base 12?
-2a918a
Convert -131030112 (base 4) to base 14.
-31810
-1992 (base 10) to base 14
-a24
What is 3114453 (base 6) in base 4?
210221001
What is 521d9 (base 15) in base 3?
111020001220
Convert -11a816 (base 12) to base 14.
-76d6a
-2b2b0a2 (base 12) to base 15
-b83682
Convert -1100000000100011111 (base 2) to base 14.
-a3595
-3f667 (base 16) to base 8
-773147
Convert 157715 (base 10) to base 15.
31ae5
Convert 155873 (base 13) to base 5.
113322104
What is -1221414 (base 13) in base 16?
-55e5df
31342505 (base 6) to base 13
260993
Convert 15200202 (base 6) to base 8.
2010712
Convert -103433010 (base 5) to base 4.
-1232122133
What is 5163773 (base 8) in base 3?
2120121102201
What is -12211141040 (base 5) in base 14?
-1d0b629
What is 1324db7 (base 15) in base 9?
27842581
Convert -315741 (base 8) to base 2.
-11001101111100001
-10392 (base 12) to base 7
-116015
-1256491 (base 11) to base 10
-2175438
10212211001 (base 3) to base 14
1dbbd
111021101220112 (base 3) to base 8
32722202
Convert -121011032 (base 4) to base 13.
-379b8
-11240200 (base 6) to base 4
-1110310020
Convert 15343225 (base 7) to base 15.
1e1674
-113640 (base 9) to base 7
-403116
What is 1ab1d3a (base 14) in base 15?
12864b6
-1503244 (base 8) to base 2
-1101000011010100100
What is 2b2c (base 13) in base 8?
14223
c0b4e (base 15) to base 5
124010144
Convert 2c0b5 (base 16) to base 14.
49a61
-63754274 (base 8) to base 11
-7763a94
What is -163976 (base 10) in base 13?
-59837
-113210234 (base 5) to base 11
-327683
10655346 (base 7) to base 9
1680070
Convert 1275464 (base 8) to base 5.
42443340
What is 13507666 (base 9) in base 3?
110120021202020
429290 (base 10) to base 16
68cea
What is 2002021001 (base 4) in base 3?
1000002012212
Convert -11111101001110 (base 2) to base 4.
-3331032
What is -19d84 (base 15) in base 4?
-110201101
What is 403480 (base 9) in base 15?
4ab39
100202 (base 3) to base 10
263
-201111000010 (base 3) to base 4
-1131213201
What is 1533bc4 (base 14) in base 3?
201110112221